{"id":38,"date":"2025-04-07T22:43:04","date_gmt":"2025-04-07T20:43:04","guid":{"rendered":"https:\/\/mb-nettoyage12.fr\/?page_id=38"},"modified":"2025-04-09T22:00:02","modified_gmt":"2025-04-09T20:00:02","slug":"tarifs","status":"publish","type":"page","link":"https:\/\/mb-nettoyage12.fr\/?page_id=38","title":{"rendered":"Prestations"},"content":{"rendered":"\n<p class=\"has-text-align-center\" style=\"margin-top:var(--wp--preset--spacing--30)\"><strong>Mes prestations sur-mesure :<\/strong><\/p>\n\n\n\n<figure class=\"wp-block-image size-large\"><img loading=\"lazy\" decoding=\"async\" width=\"718\" height=\"1024\" src=\"https:\/\/mb-nettoyage12.fr\/wp-content\/uploads\/2025\/04\/2-718x1024.png\" alt=\"Tarifs MB Nettoyage int\u00e9rieur voiture\" class=\"wp-image-57\" srcset=\"https:\/\/mb-nettoyage12.fr\/wp-content\/uploads\/2025\/04\/2-718x1024.png 718w, https:\/\/mb-nettoyage12.fr\/wp-content\/uploads\/2025\/04\/2-210x300.png 210w, https:\/\/mb-nettoyage12.fr\/wp-content\/uploads\/2025\/04\/2-768x1095.png 768w, https:\/\/mb-nettoyage12.fr\/wp-content\/uploads\/2025\/04\/2-1078x1536.png 1078w, https:\/\/mb-nettoyage12.fr\/wp-content\/uploads\/2025\/04\/2.png 1403w\" sizes=\"auto, (max-width: 718px) 100vw, 718px\" \/><\/figure>\n\n\n\n<figure class=\"wp-block-image size-large\"><img loading=\"lazy\" decoding=\"async\" width=\"718\" height=\"1024\" src=\"https:\/\/mb-nettoyage12.fr\/wp-content\/uploads\/2025\/04\/3-718x1024.png\" alt=\"Tarifs MB Nettoyage tapis, matelas et canap\u00e9\" class=\"wp-image-60\" srcset=\"https:\/\/mb-nettoyage12.fr\/wp-content\/uploads\/2025\/04\/3-718x1024.png 718w, https:\/\/mb-nettoyage12.fr\/wp-content\/uploads\/2025\/04\/3-210x300.png 210w, https:\/\/mb-nettoyage12.fr\/wp-content\/uploads\/2025\/04\/3-768x1095.png 768w, https:\/\/mb-nettoyage12.fr\/wp-content\/uploads\/2025\/04\/3-1078x1536.png 1078w, https:\/\/mb-nettoyage12.fr\/wp-content\/uploads\/2025\/04\/3.png 1403w\" sizes=\"auto, (max-width: 718px) 100vw, 718px\" \/><\/figure>\n\n\n\n<p>Rappel : il faudra me fournir une prise \u00e9lectrique lors de la prestation.<br>Notez que pour certains nettoyages (ceux impliquant un shampouinage), il me faudra aussi un point d&rsquo;eau.<\/p>\n\n\n\n<p>N&rsquo;h\u00e9sitez pas \u00e0 me contacter pour toute information compl\u00e9mentaire.<\/p>\n","protected":false},"excerpt":{"rendered":"<p>Mes prestations sur-mesure : Rappel : il faudra me fournir une prise \u00e9lectrique lors de [&hellip;]<\/p>\n","protected":false},"author":1,"featured_media":0,"parent":0,"menu_order":0,"comment_status":"closed","ping_status":"closed","template":"page-no-title","meta":{"footnotes":""},"class_list":["post-38","page","type-page","status-publish","hentry"],"_links":{"self":[{"href":"https:\/\/mb-nettoyage12.fr\/index.php?rest_route=\/wp\/v2\/pages\/38","targetHints":{"allow":["GET"]}}],"collection":[{"href":"https:\/\/mb-nettoyage12.fr\/index.php?rest_route=\/wp\/v2\/pages"}],"about":[{"href":"https:\/\/mb-nettoyage12.fr\/index.php?rest_route=\/wp\/v2\/types\/page"}],"author":[{"embeddable":true,"href":"https:\/\/mb-nettoyage12.fr\/index.php?rest_route=\/wp\/v2\/users\/1"}],"replies":[{"embeddable":true,"href":"https:\/\/mb-nettoyage12.fr\/index.php?rest_route=%2Fwp%2Fv2%2Fcomments&post=38"}],"version-history":[{"count":10,"href":"https:\/\/mb-nettoyage12.fr\/index.php?rest_route=\/wp\/v2\/pages\/38\/revisions"}],"predecessor-version":[{"id":66,"href":"https:\/\/mb-nettoyage12.fr\/index.php?rest_route=\/wp\/v2\/pages\/38\/revisions\/66"}],"wp:attachment":[{"href":"https:\/\/mb-nettoyage12.fr\/index.php?rest_route=%2Fwp%2Fv2%2Fmedia&parent=38"}],"curies":[{"name":"wp","href":"https:\/\/api.w.org\/{rel}","templated":true}]}}